st the prime factors of 582752611.
7, 83250373
What are the prime factors of 447880988?
2, 29, 73, 227, 233
What are the prime factors of 1683909377?
1683909377
List the prime factors of 80364794.
2, 19, 1109, 1907
What are the prime factors of 525557095?
5, 7, 2145131
List the prime factors of 1204477866.
2, 3, 66915437
List the prime factors of 24668960.
2, 5, 154181
List the prime factors of 3019791351.
3, 1006597117
What are the prime factors of 1795068379?
13, 139, 993397
List the prime factors of 1466354113.
7, 209479159
What are the prime factors of 172399274?
2, 19, 191, 23753
What are the prime factors of 1258015273?
29, 43379837
List the prime factors of 137728026.
2, 3, 53, 5347
List the prime factors of 227413024.
2, 31, 229247
What are the prime factors of 567632201?
19, 29875379
What are the prime factors of 186667926?
2, 3, 31, 47, 131, 163
What are the prime factors of 3445449857?
17, 941, 215381
What are the prime factors of 354601?
13, 27277
What are the prime factors of 2676721848?
2, 3, 4177, 26701
What are the prime factors of 81975019?
7, 179, 65423
List the prime factors of 408629448.
2, 3, 673, 937
List the prime factors of 61017868.
2, 347, 43961
List the prime factors of 346253575.
5, 13850143
What are the prime factors of 445853701?
445853701
List the prime factors of 2696348724.
2, 3, 887, 253321
What are the prime factors of 15570922?
2, 103, 131, 577
List the prime factors of 38079536.
2, 11, 23, 409
List the prime factors of 6128258.
2, 23, 127, 1049
What are the prime factors of 158270695?
5, 11, 2877649
List the prime factors of 36262935.
3, 5, 805843
What are the prime factors of 594145456?
2, 37134091
List the prime factors of 210107196.
2, 3, 13, 83, 601
What are the prime factors of 240605751?
3, 167, 283, 1697
List the prime factors of 20663904.
2, 3, 215249
List the prime factors of 106730130.
2, 3, 5, 13, 211, 1297
What are the prime factors of 2067535418?
2, 13, 79520593
List the prime factors of 1159525221.
3, 386508407
What are the prime factors of 22895210?
2, 5, 13, 29, 6073
What are the prime factors of 523196028?
2, 3, 14533223
What are the prime factors of 508689488?
2, 1453, 21881
What are the prime factors of 50106486?
2, 3, 67, 124643
What are the prime factors of 455564214?
2, 3, 7, 643, 5623
List the prime factors of 8795680.
2, 5, 54973
What are the prime factors of 5206799827?
5206799827
What are the prime factors of 4048741266?
2, 3, 353, 1289, 1483
What are the prime factors of 7481219199?
3, 9281, 268693
What are the prime factors of 157764455?
5, 31552891
What are the prime factors of 3854072058?
2, 3, 12841, 50023
List the prime factors of 7603196.
2, 157, 12107
List the prime factors of 736530266.
2, 389, 946697
List the prime factors of 784240286.
2, 331, 1184653
List the prime factors of 620743.
620743
What are the prime factors of 62582868?
2, 3, 233, 829
What are the prime factors of 21926899?
409, 53611
What are the prime factors of 249466037?
4951, 50387
What are the prime factors of 7951299816?
2, 3, 19, 197, 88513
What are the prime factors of 1345010221?
829, 1622449
List the prime factors of 76280620.
2, 5, 13, 73, 4019
What are the prime factors of 2209631251?
2209631251
List the prime factors of 14224231.
7, 307, 6619
List the prime factors of 79189778.
2, 29, 41, 33301
List the prime factors of 496440809.
23, 59, 365837
List the prime factors of 49030434.
2, 3, 23, 13159
List the prime factors of 45533515.
5, 937, 9719
List the prime factors of 192426455.
5, 13, 29, 31, 37, 89
What are the prime factors of 62848887?
3, 29, 137, 5273
List the prime factors of 1755434790.
2, 3, 5, 17, 503, 2281
List the prime factors of 272868510.
2, 3, 5, 31, 59, 4973
List the prime factors of 3354162840.
2, 3, 5, 7, 149, 8933
What are the prime factors of 4745366469?
3, 359, 521, 2819
What are the prime factors of 109776537?
3, 13, 47, 19963
List the prime factors of 6369917572.
2, 31, 53, 79, 12269
List the prime factors of 94227912.
2, 3, 1097, 1193
What are the prime factors of 40369970?
2, 5, 4036997
List the prime factors of 5725100802.
2, 3, 26497, 36011
What are the prime factors of 729933754?
2, 11, 19, 647, 2699
What are the prime factors of 855349368?
2, 3, 173, 206009
List the prime factors of 967735111.
7, 37, 3736429
What are the prime factors of 54070104?
2, 3, 11, 109, 1879
List the prime factors of 276483268.
2, 69120817
List the prime factors of 846380342.
2, 5521, 76651
List the prime factors of 758979350.
2, 5, 67, 71, 3191
What are the prime factors of 88225384?
2, 13, 848321
What are the prime factors of 3919004999?
7, 13, 19, 2266631
What are the prime factors of 167604468?
2, 3, 2539, 5501
List the prime factors of 2184420180.
2, 3, 5, 1579, 23057
What are the prime factors of 87906395?
5, 29, 606251
List the prime factors of 162772860.
2, 3, 5, 1097, 2473
List the prime factors of 822931015.
5, 164586203
List the prime factors of 150955786.
2, 75477893
List the prime factors of 28081885.
5, 13, 167, 199
What are the prime factors of 52529747?
52529747
What are the prime factors of 482180493?
3, 160726831
What are the prime factors of 40095998?
2, 821, 24419
What are the prime factors of 4887553?
11, 31, 1303
List the prime factors of 22968679.
167, 137537
What are the prime factors of 1945386476?
2, 11, 44213329
List the prime factors of 24357075.
3, 5, 41, 89
List the prime factors of 1963078325.
5, 13, 6040241
What are the prime factors of 206006758?
2, 103003379
List the prime factors of 8937741635.
5, 71, 727, 34631
What are the prime factors of 30036842?
2, 11, 1365311
What are the prime factors of 59316691?
7, 8473813
List the prime factors of 88675122.
2, 3, 14779187
List the prime factors of 88977281.
88977281
List the prime factors of 301058925.
3, 5, 173, 23203
What are the prime factors of 1166099824?
2, 193, 377623
What are the prime factors of 200347900?
2, 5, 89, 22511
What are the prime factors of 153214506?
2, 3, 17, 29453
List the prime factors of 20597190.
2, 3, 5, 23, 29851
What are the prime factors of 104322512?
2, 7, 29, 32119
What are the prime factors of 147622660?
2, 5, 613, 12041
List the prime factors of 2492529034.
2, 30881, 40357
What are the prime factors of 6697775?
5, 7, 38273
List the prime factors of 177878817.
3, 19, 1040227
List the prime factors of 480993921.
3, 53, 1008373
List the prime factors of 798051925.
5, 11, 197, 14731
List the prime factors of 681959261.
7109, 95929
What are the prime factors of 2036355761?
11, 17, 19, 23, 24919
What are the prime factors of 106251554?
2, 53125777
List the prime factors of 1411083694.
2, 521, 1354207
List the prime factors of 453834.
2, 3, 19, 1327
List the prime factors of 430570719.
3, 233, 205327
List the prime factors of 69023929.
13, 5309533
List the prime factors of 82344172.
2, 991, 20773
What are the prime factors of 1350639686?
2, 11, 61392713
List the prime factors of 49185579.
3, 16395193
What are the prime factors of 1333130631?
3, 7, 3037, 20903
What are the prime factors of 55872202?
2, 27936101
What are the prime factors of 314255551?
1697, 185183
List the prime factors of 587646879.
3, 195882293
List the prime factors of 490181328.
2, 3, 7, 13, 37, 337
What are the prime factors of 755658192?
2, 3, 23, 684473
List the prime factors of 35818845.
3, 5, 2387923
What are the prime factors of 725538682?
2, 11, 17, 389, 4987
What are the prime factors of 121984856?
2, 7, 37, 113, 521
List the prime factors of 53943705.
3, 5, 399583
List the prime factors of 41130874.
2, 29, 709153
What are the prime factors of 303090950?
2, 5, 211, 28729
List the prime factors of 31767979.
107, 337, 881
List the prime factors of 128203773.
3, 19, 2249189
List the prime factors of 102914764.
2, 53, 485447
List the prime factors of 7331646726.
2, 3, 109, 3736823
What are the prime factors of 434148919?
3613, 120163
List the prime factors of 701812537.
79, 8883703
What are the prime factors of 63463691?
63463691
What are the prime factors of 2605081103?
59, 44153917
What are the prime factors of 4972357408?
2, 155386169
List the prime factors of 960498579.
3, 71, 1153, 3911
List the prime factors of 136488581.
67, 1013, 2011
List the prime factors of 582067096.
2, 13, 59, 7297
List the pri